{"id":566,"date":"2025-03-13T16:20:24","date_gmt":"2025-03-13T16:20:24","guid":{"rendered":"https:\/\/unifacp.edu.br\/?page_id=566"},"modified":"2026-02-27T14:38:13","modified_gmt":"2026-02-27T14:38:13","slug":"comite-de","status":"publish","type":"page","link":"https:\/\/unifacp.edu.br\/Home-page\/comite-de\/","title":{"rendered":"Comit\u00ea de"},"content":{"rendered":"\t\t<div data-elementor-type=\"wp-page\" data-elementor-id=\"566\" class=\"elementor elementor-566\" data-elementor-post-type=\"page\">\n\t\t\t\t<div class=\"elementor-element elementor-element-fce29ed e-flex e-con-boxed e-con e-parent\" data-id=\"fce29ed\" data-element_type=\"container\" data-e-type=\"container\">\n\t\t\t\t\t<div class=\"e-con-inner\">\n\t\t<div class=\"elementor-element elementor-element-fc419d9 e-con-full e-flex e-con e-child\" data-id=\"fc419d9\" data-element_type=\"container\" data-e-type=\"container\">\n\t\t\t\t<div class=\"elementor-element elementor-element-829f3f0 elementor-widget elementor-widget-image\" data-id=\"829f3f0\" data-element_type=\"widget\" data-e-type=\"widget\" data-widget_type=\"image.default\">\n\t\t\t\t<div class=\"elementor-widget-container\">\n\t\t\t\t\t\t\t\t\t\t\t\t\t\t\t<img fetchpriority=\"high\" decoding=\"async\" width=\"1280\" height=\"450\" src=\"https:\/\/unifacp.edu.br\/wp-content\/uploads\/2025\/03\/19.png\" class=\"attachment-full size-full wp-image-432\" alt=\"CEP\" srcset=\"https:\/\/unifacp.edu.br\/wp-content\/uploads\/2025\/03\/19.png 1280w, https:\/\/unifacp.edu.br\/wp-content\/uploads\/2025\/03\/19-300x105.png 300w, https:\/\/unifacp.edu.br\/wp-content\/uploads\/2025\/03\/19-1024x360.png 1024w, https:\/\/unifacp.edu.br\/wp-content\/uploads\/2025\/03\/19-768x270.png 768w\" sizes=\"(max-width: 1280px) 100vw, 1280px\" \/>\t\t\t\t\t\t\t\t\t\t\t\t\t\t\t<\/div>\n\t\t\t\t<\/div>\n\t\t\t\t<\/div>\n\t\t<div class=\"elementor-element elementor-element-159aded e-con-full e-flex e-con e-child\" data-id=\"159aded\" data-element_type=\"container\" data-e-type=\"container\">\n\t\t<div class=\"elementor-element elementor-element-6a6c1bf e-con-full e-flex e-con e-child\" data-id=\"6a6c1bf\" data-element_type=\"container\" data-e-type=\"container\" data-settings=\"{&quot;background_background&quot;:&quot;classic&quot;}\">\n\t\t\t\t<div class=\"elementor-element elementor-element-4489f87 elementor-widget elementor-widget-heading\" data-id=\"4489f87\" data-element_type=\"widget\" data-e-type=\"widget\" data-widget_type=\"heading.default\">\n\t\t\t\t<div class=\"elementor-widget-container\">\n\t\t\t\t\t<h2 class=\"elementor-heading-title elementor-size-default\">Comit\u00ea de \u00c9tica em Pesquisa<\/h2>\t\t\t\t<\/div>\n\t\t\t\t<\/div>\n\t\t\t\t<\/div>\n\t\t<div class=\"elementor-element elementor-element-aab4830 e-con-full e-flex e-con e-child\" data-id=\"aab4830\" data-element_type=\"container\" data-e-type=\"container\">\n\t\t\t\t<div class=\"elementor-element elementor-element-1b7b3be elementor-widget elementor-widget-elementskit-simple-tab\" data-id=\"1b7b3be\" data-element_type=\"widget\" data-e-type=\"widget\" data-widget_type=\"elementskit-simple-tab.default\">\n\t\t\t\t<div class=\"elementor-widget-container\">\n\t\t\t\t\t<div class=\"ekit-wid-con\" >        <div class=\"elementkit-tab-wraper vertical  elementskit-fitcontent-tab \">\n            <ul class=\"nav nav-tabs elementkit-tab-nav \">\n                                    <li class=\"elementkit-nav-item elementor-repeater-item-02cb821\">\n                        <a class=\"elementkit-nav-link  active show left-pos\" id=\"content-02cb82169e1407e8dc34-tab\" data-ekit-handler-id=\"apresenta-o\" data-ekit-toggle=\"tab\" data-target=\"#content-02cb82169e1407e8dc34\" href=\"#Content-02cb82169e1407e8dc34\"\n                            data-ekit-toggle-trigger=\"click\"\n                            aria-describedby=\"Content-02cb82169e1407e8dc34\">\n                                                        <span class=\"elementskit-tab-title\">APRESENTA\u00c7\u00c3O<\/span>\n                        <\/a>\n                    <\/li>\n                                        <li class=\"elementkit-nav-item elementor-repeater-item-487a8c6\">\n                        <a class=\"elementkit-nav-link  left-pos\" id=\"content-487a8c669e1407e8dc34-tab\" data-ekit-handler-id=\"miss-o\" data-ekit-toggle=\"tab\" data-target=\"#content-487a8c669e1407e8dc34\" href=\"#Content-487a8c669e1407e8dc34\"\n                            data-ekit-toggle-trigger=\"click\"\n                            aria-describedby=\"Content-487a8c669e1407e8dc34\">\n                                                        <span class=\"elementskit-tab-title\">MISS\u00c3O<\/span>\n                        <\/a>\n                    <\/li>\n                                        <li class=\"elementkit-nav-item elementor-repeater-item-afea7ca\">\n                        <a class=\"elementkit-nav-link  left-pos\" id=\"content-afea7ca69e1407e8dc34-tab\" data-ekit-handler-id=\"calend-rio\" data-ekit-toggle=\"tab\" data-target=\"#content-afea7ca69e1407e8dc34\" href=\"#Content-afea7ca69e1407e8dc34\"\n                            data-ekit-toggle-trigger=\"click\"\n                            aria-describedby=\"Content-afea7ca69e1407e8dc34\">\n                                                        <span class=\"elementskit-tab-title\">CALEND\u00c1RIO<\/span>\n                        <\/a>\n                    <\/li>\n                                        <li class=\"elementkit-nav-item elementor-repeater-item-699c0f6\">\n                        <a class=\"elementkit-nav-link  left-pos\" id=\"content-699c0f669e1407e8dc34-tab\" data-ekit-handler-id=\"local\" data-ekit-toggle=\"tab\" data-target=\"#content-699c0f669e1407e8dc34\" href=\"#Content-699c0f669e1407e8dc34\"\n                            data-ekit-toggle-trigger=\"click\"\n                            aria-describedby=\"Content-699c0f669e1407e8dc34\">\n                                                        <span class=\"elementskit-tab-title\">LOCAL<\/span>\n                        <\/a>\n                    <\/li>\n                                        <li class=\"elementkit-nav-item elementor-repeater-item-4d10339\">\n                        <a class=\"elementkit-nav-link  left-pos\" id=\"content-4d1033969e1407e8dc34-tab\" data-ekit-handler-id=\"membros\" data-ekit-toggle=\"tab\" data-target=\"#content-4d1033969e1407e8dc34\" href=\"#Content-4d1033969e1407e8dc34\"\n                            data-ekit-toggle-trigger=\"click\"\n                            aria-describedby=\"Content-4d1033969e1407e8dc34\">\n                                                        <span class=\"elementskit-tab-title\">MEMBROS<\/span>\n                        <\/a>\n                    <\/li>\n                                        <li class=\"elementkit-nav-item elementor-repeater-item-6a52a4b\">\n                        <a class=\"elementkit-nav-link  left-pos\" id=\"content-6a52a4b69e1407e8dc34-tab\" data-ekit-handler-id=\"documentos\" data-ekit-toggle=\"tab\" data-target=\"#content-6a52a4b69e1407e8dc34\" href=\"#Content-6a52a4b69e1407e8dc34\"\n                            data-ekit-toggle-trigger=\"click\"\n                            aria-describedby=\"Content-6a52a4b69e1407e8dc34\">\n                                                        <span class=\"elementskit-tab-title\">DOCUMENTOS<\/span>\n                        <\/a>\n                    <\/li>\n                                        <li class=\"elementkit-nav-item elementor-repeater-item-25043c9\">\n                        <a class=\"elementkit-nav-link  left-pos\" id=\"content-25043c969e1407e8dc34-tab\" data-ekit-handler-id=\"download\" data-ekit-toggle=\"tab\" data-target=\"#content-25043c969e1407e8dc34\" href=\"#Content-25043c969e1407e8dc34\"\n                            data-ekit-toggle-trigger=\"click\"\n                            aria-describedby=\"Content-25043c969e1407e8dc34\">\n                                                        <span class=\"elementskit-tab-title\">DOWNLOAD<\/span>\n                        <\/a>\n                    <\/li>\n                                <\/ul>\n\n            <div class=\"tab-content elementkit-tab-content\">\n                                    <div class=\"tab-pane elementkit-tab-pane elementor-repeater-item-02cb821  active show\" id=\"content-02cb82169e1407e8dc34\" role=\"tabpanel\"\n                         aria-labelledby=\"content-02cb82169e1407e8dc34-tab\">\n                        <div class=\"animated fadeIn\">\n                            <p><span style=\"color: #000000;\">O\u00a0<strong>CEP \u2013 UNIFACP \u00e9 o\u00a0Comit\u00ea de \u00c9tica em Pesquisa da UNIFACP<\/strong>, fundado em 2020, \u00e9 reconhecido e regulado pela CONEP (Comiss\u00e3o Nacional de \u00c9tica em Pesquisa). O colegiado do CEP \u2013 UNIFACP \u00e9 composto por oito professores do UNIFACP, atuantes nas \u00e1reas de sa\u00fade, exatas e humanas, e um membro da sociedade local. Tem mandato de tr\u00eas anos e direito \u00e0 reelei\u00e7\u00e3o. O membro da sociedade local \u00e9 indicado pelo comit\u00ea que finaliza sua gest\u00e3o, para atuar no comit\u00ea a ser eleito. O CEP \u2013 UNIFACP destina-se a zelar pela \u00e9tica das pesquisas com seres humanos, conforme as diretrizes da Resolu\u00e7\u00e3o 466\/12, do Conselho Nacional de Sa\u00fade; da Resolu\u00e7\u00e3o n\u00ba 510\/2016 do Conselho Nacional de Sa\u00fade determina diretrizes \u00e9ticas espec\u00edficas para as ci\u00eancias humanas e sociais (CHS) e NORMA OPERACIONAL No 001\/2013 do Conselho Nacional de Sa\u00fade.<\/span><\/p><p><span style=\"color: #000000;\">Emite pareceres e acompanha todos os projetos de pesquisa envolvendo seres humanos, e tem papel consultivo e educativo. Todos os estudos com seres humanos realizados no UNIFACP devem ser previamente aprovados e pelo CEP \u2013 UNIFACP. Isto aplica-se n\u00e3o s\u00f3 aos estudos da \u00e1rea da sa\u00fade, mas tamb\u00e9m refere-se aos estudos das \u00e1reas de humanas e exatas. A atua\u00e7\u00e3o do CEP \u2013 UNIFACP abrange os trabalhos elaborados n\u00e3o s\u00f3 pelos membros do UNIFACP, mas tamb\u00e9m pelos de outras institui\u00e7\u00f5es locais.<\/span><\/p>                        <\/div>\n                    <\/div>\n                                    <div class=\"tab-pane elementkit-tab-pane elementor-repeater-item-487a8c6 \" id=\"content-487a8c669e1407e8dc34\" role=\"tabpanel\"\n                         aria-labelledby=\"content-487a8c669e1407e8dc34-tab\">\n                        <div class=\"animated fadeIn\">\n                            <p><span style=\"color: #000000;\">O CEP \u2013 UNIFACP destina-se a zelar pela \u00e9tica das pesquisas com seres humanos, cabendo-lhe garantir o bem estar dos da pesquisa, orientar e acompanhar a conduta \u00e9tica do pesquisador. Todavia, o CEP \u2013 UNIFACP n\u00e3o \u00e9 apenas um \u00f3rg\u00e3o t\u00e9cnico. O CEP insere-se nos ideais de fraternidade, de colabora\u00e7\u00e3o, de intera\u00e7\u00e3o, de interdisciplinaridade, de responsabilidade e ambiental, de gera\u00e7\u00e3o e divulga\u00e7\u00e3o de conhecimentos que unem a comunidade UNIFACP.<\/span><\/p>                        <\/div>\n                    <\/div>\n                                    <div class=\"tab-pane elementkit-tab-pane elementor-repeater-item-afea7ca \" id=\"content-afea7ca69e1407e8dc34\" role=\"tabpanel\"\n                         aria-labelledby=\"content-afea7ca69e1407e8dc34-tab\">\n                        <div class=\"animated fadeIn\">\n                            <p>Datas das reuni\u00f5es no ano de 2026:<br \/>Janeiro &#8211; dia 29<br \/>Fevereiro &#8211; dia 26<br \/>Mar\u00e7o &#8211; dia 26<br \/>Abril &#8211; dia 30<br \/>Maio &#8211; dia 28<br \/>Junho &#8211; dia 25<br \/>Julho = Recesso do CEP \/ f\u00e9rias docentes<br \/>Agosto &#8211; h\u00e1 2 reuni\u00f5es: dias 13 e 27\u00a0\u00a0\u00a0\u00a0\u00a0<br \/>Setembro &#8211; dia 24<br \/>Outubro &#8211; dia 29<br \/>Novembro &#8211; dia 26<br \/>Dezembro &#8211; dia 17 &#8211; Recesso a partir do dia 18<\/p>                        <\/div>\n                    <\/div>\n                                    <div class=\"tab-pane elementkit-tab-pane elementor-repeater-item-699c0f6 \" id=\"content-699c0f669e1407e8dc34\" role=\"tabpanel\"\n                         aria-labelledby=\"content-699c0f669e1407e8dc34-tab\">\n                        <div class=\"animated fadeIn\">\n                            <p><span style=\"color: #000000;\">Rua: R. Me. Maria Vilac, 121 Jardim \u2013 Bela Vista, Paul\u00ednia \u2013 SP, 13140-000<\/span><br \/><span style=\"color: #000000;\">Paulinia \u2013 S\u00e3o Paulo<\/span><\/p>                        <\/div>\n                    <\/div>\n                                    <div class=\"tab-pane elementkit-tab-pane elementor-repeater-item-4d10339 \" id=\"content-4d1033969e1407e8dc34\" role=\"tabpanel\"\n                         aria-labelledby=\"content-4d1033969e1407e8dc34-tab\">\n                        <div class=\"animated fadeIn\">\n                            <h3>Membros:<br \/>Prof. Me. Gabriela Moreira Rabelo &#8211; Coordenadora do CEP<br \/>Profa. Dra. Adriana da Silva Santos de Oliveira<br \/>Prof. Dr. Anoel Fernandes<br \/>Prof. Dr. Carlos Del Negro Visintin<br \/>Prof. Dr. Cristiano Jos\u00e9 Mendes Pinto<br \/>Prof. Dr. Gustavo Renan de Almeida da Silva<br \/>Prof. Me. Hugo Leonardo Riani Costa<br \/>Profa. Me. Louise Assump\u00e7\u00e3o Rondini<br \/>Maria Ildete Leal Falciroli \u2013 Representante da comunidade<br \/>Antonio Castro Alves Ribeiro \u2013 Representante da comunidade<br \/>Daniela Cardoso &#8211; Funcion\u00e1ria administrativa<\/h3>                        <\/div>\n                    <\/div>\n                                    <div class=\"tab-pane elementkit-tab-pane elementor-repeater-item-6a52a4b \" id=\"content-6a52a4b69e1407e8dc34\" role=\"tabpanel\"\n                         aria-labelledby=\"content-6a52a4b69e1407e8dc34-tab\">\n                        <div class=\"animated fadeIn\">\n                            <ul class=\"wp-block-list\"><li><span style=\"color: #000000;\">Projeto de pesquisa em portugu\u00eas e no formato \u201cdoc\u201d;<\/span><\/li><li><span style=\"color: #000000;\">Termo de Consentimento Livre e Esclarecido \u2013 TCLE de acordo com a Resolu\u00e7\u00e3o 466\/12 e Resolu\u00e7\u00e3o n\u00ba 510\/2016 do Conselho Nacional de Sa\u00fade:<\/span><\/li><li><span style=\"color: #000000;\">Folha de rosto assinada pelo pesquisador, pelo respons\u00e1vel e pela institui\u00e7\u00e3o proponente, no formato \u201cpdf\u201d;<\/span><\/li><li><span style=\"color: #000000;\">Em caso de institui\u00e7\u00e3o coparticipante, \u00e9 necess\u00e1rio anexar o termo de declara\u00e7\u00e3o da institui\u00e7\u00e3o coparticipante;<\/span><\/li><\/ul>                        <\/div>\n                    <\/div>\n                                    <div class=\"tab-pane elementkit-tab-pane elementor-repeater-item-25043c9 \" id=\"content-25043c969e1407e8dc34\" role=\"tabpanel\"\n                         aria-labelledby=\"content-25043c969e1407e8dc34-tab\">\n                        <div class=\"animated fadeIn\">\n                            <p><a href=\"https:\/\/docs.google.com\/document\/d\/1gUeNg2Lfg_7OBrkouords1K-BaGuSyqp\/edit?usp=sharing&amp;ouid=102441863345574199692&amp;rtpof=true&amp;sd=true\" target=\"_blank\" rel=\"noreferrer noopener\">Modelo TCLE<\/a><\/p><p><a href=\"https:\/\/docs.google.com\/document\/d\/1AkrqxB0SM0kTmoa0c3PjZSX19mp0Pckl\/edit?usp=sharing&amp;ouid=102441863345574199692&amp;rtpof=true&amp;sd=true\" target=\"_blank\" rel=\"noreferrer noopener\">\u200bTermo de Declara\u00e7\u00e3o da Institui\u00e7\u00e3o Coparticipante<\/a><\/p><p><a href=\"https:\/\/drive.google.com\/file\/d\/1X1P7bPk6UniWe65QZmlPchZVaATRkjl6\/view?usp=sharing\" target=\"_blank\" rel=\"noreferrer noopener\">Resolu\u00e7\u00e3o \u200b466\/12\u200b\u200b<\/a><\/p><p><a href=\"https:\/\/docs.google.com\/document\/d\/1AcX8NDX0nylEfcqKJ1wGqUp1BgTS4Afa\/edit?usp=sharing&amp;ouid=102441863345574199692&amp;rtpof=true&amp;sd=true\" target=\"_blank\" rel=\"noreferrer noopener\">Modelo de Relat\u00f3rio de Pesquisa \u2013 CEP<\/a><\/p><p><a href=\"https:\/\/docs.google.com\/document\/d\/1prV7JYIoUrCqXYv78BAboBYEV0UnY4RW\/edit?usp=sharing&amp;ouid=102441863345574199692&amp;rtpof=true&amp;sd=true\" target=\"_blank\" rel=\"noreferrer noopener\">Termo de Assentimento Livre e Esclarecido<\/a><\/p><p><a href=\"https:\/\/docs.google.com\/document\/d\/1b4U-GinRYAkp1zsuWIAQgd9oSy7Vw707\/edit?usp=sharing&amp;ouid=102441863345574199692&amp;rtpof=true&amp;sd=true\" target=\"_blank\" rel=\"noopener\">Declara\u00e7\u00e3o da Institui\u00e7\u00e3o Coparticipante<\/a><\/p>                        <\/div>\n                    <\/div>\n                                \n            <\/div>\n                    <\/div>\n    <\/div>\t\t\t\t<\/div>\n\t\t\t\t<\/div>\n\t\t\t\t<\/div>\n\t\t\t\t<\/div>\n\t\t\t\t\t<\/div>\n\t\t\t\t<\/div>\n\t\t\t\t<\/div>\n\t\t","protected":false},"excerpt":{"rendered":"<p>Comit\u00ea de \u00c9tica em Pesquisa APRESENTA\u00c7\u00c3O MISS\u00c3O CALEND\u00c1RIO LOCAL MEMBROS DOCUMENTOS DOWNLOAD O\u00a0CEP \u2013 UNIFACP \u00e9 o\u00a0Comit\u00ea de \u00c9tica em Pesquisa da UNIFACP, fundado em 2020, \u00e9 reconhecido e regulado pela CONEP (Comiss\u00e3o Nacional de \u00c9tica em Pesquisa). O colegiado do CEP \u2013 UNIFACP \u00e9 composto por oito professores do UNIFACP, atuantes nas \u00e1reas de [&hellip;]<\/p>\n","protected":false},"author":1,"featured_media":0,"parent":0,"menu_order":0,"comment_status":"closed","ping_status":"closed","template":"","meta":{"footnotes":""},"class_list":["post-566","page","type-page","status-publish","hentry"],"_links":{"self":[{"href":"https:\/\/unifacp.edu.br\/Home-page\/wp-json\/wp\/v2\/pages\/566","targetHints":{"allow":["GET"]}}],"collection":[{"href":"https:\/\/unifacp.edu.br\/Home-page\/wp-json\/wp\/v2\/pages"}],"about":[{"href":"https:\/\/unifacp.edu.br\/Home-page\/wp-json\/wp\/v2\/types\/page"}],"author":[{"embeddable":true,"href":"https:\/\/unifacp.edu.br\/Home-page\/wp-json\/wp\/v2\/users\/1"}],"replies":[{"embeddable":true,"href":"https:\/\/unifacp.edu.br\/Home-page\/wp-json\/wp\/v2\/comments?post=566"}],"version-history":[{"count":0,"href":"https:\/\/unifacp.edu.br\/Home-page\/wp-json\/wp\/v2\/pages\/566\/revisions"}],"wp:attachment":[{"href":"https:\/\/unifacp.edu.br\/Home-page\/wp-json\/wp\/v2\/media?parent=566"}],"curies":[{"name":"wp","href":"https:\/\/api.w.org\/{rel}","templated":true}]}}